{"id":1411,"date":"2012-08-26T09:29:52","date_gmt":"2012-08-26T07:29:52","guid":{"rendered":"http:\/\/www.sv-eberstadt.de\/?page_id=1411"},"modified":"2024-09-24T15:37:33","modified_gmt":"2024-09-24T13:37:33","slug":"3-herrenmannschaft","status":"publish","type":"page","link":"http:\/\/www.sv-eberstadt.de\/?page_id=1411","title":{"rendered":"3. Herren 2012\/2013"},"content":{"rendered":"<p><a href=\"http:\/\/httv.click-tt.de\/cgi-bin\/WebObjects\/ClickSWTTV.woa\/wa\/groupPage?championship=K42+12%2F13&amp;group=179116\">Ergebnisse &#8211; Tabelle<\/a> (Link Click-TT)<\/p>\n<p><a href=\"http:\/\/www.sv-eberstadt.de\/wp-content\/uploads\/Foto-2.jpg\"><img loading=\"lazy\" decoding=\"async\" class=\"aligncenter size-full wp-image-1596\" title=\"Foto 2\" src=\"http:\/\/www.sv-eberstadt.de\/wp-content\/uploads\/Foto-2.jpg\" alt=\"\" width=\"700\" height=\"525\" srcset=\"http:\/\/www.sv-eberstadt.de\/wp-content\/uploads\/Foto-2.jpg 700w, http:\/\/www.sv-eberstadt.de\/wp-content\/uploads\/Foto-2-150x112.jpg 150w, http:\/\/www.sv-eberstadt.de\/wp-content\/uploads\/Foto-2-300x225.jpg 300w\" sizes=\"auto, (max-width: 700px) 100vw, 700px\" \/><\/a><\/p>\n<p><!-- \t\t@page { margin: 2cm } \t\tP { margin-bottom: 0.21cm } --><!-- \t\t@page { margin: 2cm } \t\tP { margin-bottom: 0.21cm } --><span style=\"color: #000000;\"><span style=\"font-family: Arial,sans-serif;\"><span style=\"font-size: medium;\"><strong>Saisonbericht der 3. Herren<\/strong><\/span><\/span><\/span><\/p>\n<p><span style=\"color: #000000;\"><span style=\"font-family: Arial,sans-serif;\"><span style=\"font-size: medium;\">Wieder mal nur als Vierermannschaft konnte die dritte Mannschaft die Verbandsrunde in der 3. Kreisklasse-4er-Gruppe 1 bestreiten. Der Kern der Mannschaft wurde in der Vorrunde von Lothar Ehses, Marco Obach, Lothar Schmitz und Marco B\u00fcxler gebildet, die durch die Erg\u00e4nzungsspieler Claus Pfeiffer, Horst \u00adG\u00f6bel sowie die Jugendersatzspieler Lennart Ebeling und Alois Drescher im Kampf um Meisterschaftspunkte unterst\u00fctzt wurden.<\/span><\/span><\/span><\/p>\n<p><span style=\"color: #000000;\"><span style=\"font-family: Arial,sans-serif;\"><span style=\"font-size: medium;\">Mit einer Niederlage und einem Unentschieden wurde die Vorrunde auf dem zweiten Tabellenplatz abgeschlossen. H\u00f6hepunkte waren die Siege beim Tabellenf\u00fchrer SV Darmstadt 98 und gegen den direkten Verfolger GTV Frankenhausen.<\/span><\/span><\/span><\/p>\n<p><span style=\"color: #000000;\"><span style=\"font-family: Arial,sans-serif;\"><span style=\"font-size: medium;\">F\u00fcr die R\u00fcckrunde wurde, bedingt durch die Umstellungen in der ersten und zweiten Mannschaft, auch die dritte Mannschaft mit Ralf Uhrig und Andreas Schneider weiter verst\u00e4rkt. Leider konnte Lothar Schmitz durch seine Verletzung, die er sich im vorletzten Vorrundenspiel zugezogen hatte, in der R\u00fcckrunde nicht eingesetzt werden.<\/span><\/span><\/span><\/p>\n<p><span style=\"color: #000000;\"><span style=\"font-family: Arial,sans-serif;\"><span style=\"font-size: medium;\">Hier mein Dank an die bereits oben genannten Erg\u00e4nzungsspieler und die, in der R\u00fcckrunde ebenfalls eingesetzten Ralf Uhrig und Oleg Moskowitsch f\u00fcr ihre Bereitschaft, die Mannschaft zu unterst\u00fctzen.<\/span><\/span><\/span><\/p>\n<p><span style=\"color: #000000;\"><span style=\"font-family: Arial,sans-serif;\"><span style=\"font-size: medium;\">Mein pers\u00f6nlicher Respekt gilt allen eingesetzten Spielern f\u00fcr ihre gezeigten sportlichen Leistungen und den Einsatzwillen.<\/span><\/span><\/span><\/p>\n<p><span style=\"color: #000000;\"><span style=\"font-family: Arial,sans-serif;\"><span style=\"font-size: medium;\">Ich glaube, wir haben als Mannschaft eine gute Saisonleistung gezeigt, wenn es auch nicht ganz zum gro\u00dfen Ziel, der Meisterschaft und dem direkten Aufstieg gereicht hat.<\/span><\/span><\/span><\/p>\n<p><span style=\"color: #000000;\"><span style=\"font-family: Arial,sans-serif;\"><span style=\"font-size: medium;\">Zum Abschluss der Runde steht die dritte Mannschaft weiter auf dem zweiten Tabellenplatz. Mit einem Sieg, in einem spannenden und hart umk\u00e4mpfen Ausw\u00e4rtsspiel beim GTV Frankenhausen, wurde der Abstand zum direkten Verfolger gehalten. Das entscheidende Heimspiel um die Meisterschaft, gegen den Tabellenf\u00fchrer SV Darmstadt 98, stand unter keinem guten Stern und wurde deutlich (2:8) verloren.<\/span><\/span><\/span><\/p>\n<p><span style=\"color: #000000;\"><span style=\"font-family: Arial,sans-serif;\"><span style=\"font-size: medium;\">Als Tabellenzweiter hat die Mannschaft noch die Chance sich \u00fcber die vorsorgliche Relegation f\u00fcr einen Platz in der 2. Kreisklasse zu qualifizieren und damit den Spielern bessere Einsatzm\u00f6glichkeiten und spielerische Herausforderungen zu bieten. F\u00fcr eine entsprechende Unterst\u00fctzung der Mannschaft bei dieser Relegation w\u00e4ren wir sehr dankbar.<\/span><\/span><\/span><\/p>\n<p style=\"text-align: center;\"><span style=\"color: #000000;\"><span style=\"font-family: Arial,sans-serif;\"><span style=\"font-size: medium;\"> <em><strong>Lothar Ehses<\/strong><\/em><br \/>\n(Mannschaftsf\u00fchrer)<\/span><\/span><\/span><\/p>\n","protected":false},"excerpt":{"rendered":"<p>Ergebnisse &#8211; Tabelle (Link Click-TT) Saisonbericht der 3. Herren Wieder mal nur als Vierermannschaft konnte die dritte Mannschaft die Verbandsrunde in der 3. Kreisklasse-4er-Gruppe 1 bestreiten. Der Kern der Mannschaft wurde in der Vorrunde von Lothar Ehses, Marco Obach, Lothar Schmitz und Marco B\u00fcxler gebildet, die durch die Erg\u00e4nzungsspieler Claus Pfeiffer, Horst \u00adG\u00f6bel sowie die [&hellip;]<\/p>\n","protected":false},"author":1,"featured_media":0,"parent":1398,"menu_order":0,"comment_status":"closed","ping_status":"closed","template":"","meta":{"ngg_post_thumbnail":0,"footnotes":""},"class_list":["post-1411","page","type-page","status-publish","hentry"],"_links":{"self":[{"href":"http:\/\/www.sv-eberstadt.de\/index.php?rest_route=\/wp\/v2\/pages\/1411","targetHints":{"allow":["GET"]}}],"collection":[{"href":"http:\/\/www.sv-eberstadt.de\/index.php?rest_route=\/wp\/v2\/pages"}],"about":[{"href":"http:\/\/www.sv-eberstadt.de\/index.php?rest_route=\/wp\/v2\/types\/page"}],"author":[{"embeddable":true,"href":"http:\/\/www.sv-eberstadt.de\/index.php?rest_route=\/wp\/v2\/users\/1"}],"replies":[{"embeddable":true,"href":"http:\/\/www.sv-eberstadt.de\/index.php?rest_route=%2Fwp%2Fv2%2Fcomments&post=1411"}],"version-history":[{"count":12,"href":"http:\/\/www.sv-eberstadt.de\/index.php?rest_route=\/wp\/v2\/pages\/1411\/revisions"}],"predecessor-version":[{"id":2269,"href":"http:\/\/www.sv-eberstadt.de\/index.php?rest_route=\/wp\/v2\/pages\/1411\/revisions\/2269"}],"up":[{"embeddable":true,"href":"http:\/\/www.sv-eberstadt.de\/index.php?rest_route=\/wp\/v2\/pages\/1398"}],"wp:attachment":[{"href":"http:\/\/www.sv-eberstadt.de\/index.php?rest_route=%2Fwp%2Fv2%2Fmedia&parent=1411"}],"curies":[{"name":"wp","href":"https:\/\/api.w.org\/{rel}","templated":true}]}}

<p><a href="http://httv.click-tt.de/cgi-bin/WebObjects/ClickSWTTV.woa/wa/groupPage?championship=K42+12%2F13&amp;group=179116">Ergebnisse &#8211; Tabelle</a> (Link Click-TT)</p>
<p><a href="http://www.sv-eberstadt.de/wp-content/uploads/Foto-2.jpg"><img loading="lazy" decoding="async" class="aligncenter size-full wp-image-1596" title="Foto 2" src="http://www.sv-eberstadt.de/wp-content/uploads/Foto-2.jpg" alt="" width="700" height="525" srcset="http://www.sv-eberstadt.de/wp-content/uploads/Foto-2.jpg 700w, http://www.sv-eberstadt.de/wp-content/uploads/Foto-2-150x112.jpg 150w, http://www.sv-eberstadt.de/wp-content/uploads/Foto-2-300x225.jpg 300w" sizes="auto, (max-width: 700px) 100vw, 700px" /></a></p>
<p><!-- 		@page { margin: 2cm } 		P { margin-bottom: 0.21cm } --><!-- 		@page { margin: 2cm } 		P { margin-bottom: 0.21cm } --><span style="color: #000000;"><span style="font-family: Arial,sans-serif;"><span style="font-size: medium;"><strong>Saisonbericht der 3. Herren</strong></span></span></span></p>
<p><span style="color: #000000;"><span style="font-family: Arial,sans-serif;"><span style="font-size: medium;">Wieder mal nur als Vierermannschaft konnte die dritte Mannschaft die Verbandsrunde in der 3. Kreisklasse-4er-Gruppe 1 bestreiten. Der Kern der Mannschaft wurde in der Vorrunde von Lothar Ehses, Marco Obach, Lothar Schmitz und Marco Büxler gebildet, die durch die Ergänzungsspieler Claus Pfeiffer, Horst ­Göbel sowie die Jugendersatzspieler Lennart Ebeling und Alois Drescher im Kampf um Meisterschaftspunkte unterstützt wurden.</span></span></span></p>
<p><span style="color: #000000;"><span style="font-family: Arial,sans-serif;"><span style="font-size: medium;">Mit einer Niederlage und einem Unentschieden wurde die Vorrunde auf dem zweiten Tabellenplatz abgeschlossen. Höhepunkte waren die Siege beim Tabellenführer SV Darmstadt 98 und gegen den direkten Verfolger GTV Frankenhausen.</span></span></span></p>
<p><span style="color: #000000;"><span style="font-family: Arial,sans-serif;"><span style="font-size: medium;">Für die Rückrunde wurde, bedingt durch die Umstellungen in der ersten und zweiten Mannschaft, auch die dritte Mannschaft mit Ralf Uhrig und Andreas Schneider weiter verstärkt. Leider konnte Lothar Schmitz durch seine Verletzung, die er sich im vorletzten Vorrundenspiel zugezogen hatte, in der Rückrunde nicht eingesetzt werden.</span></span></span></p>
<p><span style="color: #000000;"><span style="font-family: Arial,sans-serif;"><span style="font-size: medium;">Hier mein Dank an die bereits oben genannten Ergänzungsspieler und die, in der Rückrunde ebenfalls eingesetzten Ralf Uhrig und Oleg Moskowitsch für ihre Bereitschaft, die Mannschaft zu unterstützen.</span></span></span></p>
<p><span style="color: #000000;"><span style="font-family: Arial,sans-serif;"><span style="font-size: medium;">Mein persönlicher Respekt gilt allen eingesetzten Spielern für ihre gezeigten sportlichen Leistungen und den Einsatzwillen.</span></span></span></p>
<p><span style="color: #000000;"><span style="font-family: Arial,sans-serif;"><span style="font-size: medium;">Ich glaube, wir haben als Mannschaft eine gute Saisonleistung gezeigt, wenn es auch nicht ganz zum großen Ziel, der Meisterschaft und dem direkten Aufstieg gereicht hat.</span></span></span></p>
<p><span style="color: #000000;"><span style="font-family: Arial,sans-serif;"><span style="font-size: medium;">Zum Abschluss der Runde steht die dritte Mannschaft weiter auf dem zweiten Tabellenplatz. Mit einem Sieg, in einem spannenden und hart umkämpfen Auswärtsspiel beim GTV Frankenhausen, wurde der Abstand zum direkten Verfolger gehalten. Das entscheidende Heimspiel um die Meisterschaft, gegen den Tabellenführer SV Darmstadt 98, stand unter keinem guten Stern und wurde deutlich (2:8) verloren.</span></span></span></p>
<p><span style="color: #000000;"><span style="font-family: Arial,sans-serif;"><span style="font-size: medium;">Als Tabellenzweiter hat die Mannschaft noch die Chance sich über die vorsorgliche Relegation für einen Platz in der 2. Kreisklasse zu qualifizieren und damit den Spielern bessere Einsatzmöglichkeiten und spielerische Herausforderungen zu bieten. Für eine entsprechende Unterstützung der Mannschaft bei dieser Relegation wären wir sehr dankbar.</span></span></span></p>
<p style="text-align: center;"><span style="color: #000000;"><span style="font-family: Arial,sans-serif;"><span style="font-size: medium;"> <em><strong>Lothar Ehses</strong></em><br />
(Mannschaftsführer)</span></span></span></p>

<p>Ergebnisse &#8211; Tabelle (Link Click-TT) Saisonbericht der 3. Herren Wieder mal nur als Vierermannschaft konnte die dritte Mannschaft die Verbandsrunde in der 3. Kreisklasse-4er-Gruppe 1 bestreiten. Der Kern der Mannschaft wurde in der Vorrunde von Lothar Ehses, Marco Obach, Lothar Schmitz und Marco Büxler gebildet, die durch die Ergänzungsspieler Claus Pfeiffer, Horst ­Göbel sowie die [&hellip;]</p>
